{"id":9,"date":"2012-09-27T00:10:16","date_gmt":"2012-09-27T00:10:16","guid":{"rendered":"http:\/\/www.circulobellasartes.org.uy\/site\/?page_id=9"},"modified":"2014-05-14T09:43:33","modified_gmt":"2014-05-14T11:43:33","slug":"principal","status":"publish","type":"page","link":"https:\/\/www.circulobellasartes.org.uy\/site\/principal\/","title":{"rendered":"Principal"},"content":{"rendered":"<p><center><a href=\"http:\/\/www.circulobellasartes.org.uy\/site\/wp-content\/uploads\/2011\/08\/oleo-casa.jpg\"><img loading=\"lazy\" decoding=\"async\" class=\" wp-image-340      aligncenter\" title=\"oleo-casa\" src=\"http:\/\/www.circulobellasartes.org.uy\/site\/wp-content\/uploads\/2011\/08\/oleo-casa.jpg\" alt=\"\" width=\"440\" height=\"369\" \/><\/a><\/center><\/p>\n<p style=\"text-align: justify;\" data-ft=\"{&quot;type&quot;:1}\">El Ministro de Instrucci\u00f3n P\u00fablica y Previsi\u00f3n Social, en el discurso pronunciado en el acto que tuvo lugar el 12 de octubre de 1966, expres\u00f3: \u201cCon el asesoramiento de su suegro, el poeta Juan Zorrilla de San Mart\u00edn y del hijo de \u00e9ste el escultor Jos\u00e9 Luis, Montero concibi\u00f3 las plantas y las l\u00edneas de esta casa que comenz\u00f3 a construir hace medio siglo, a cuya f\u00e1brica incorpor\u00f3 ventanas y puertas, rejas y balcones de los edificios coloniales de la ciudad vieja destruidos por la ola devastadora que se llev\u00f3 para siempre tanta noble expresi\u00f3n de una manera de vivir y de sentir la vida.<\/p>\n<p style=\"text-align: justify;\" data-ft=\"{&quot;type&quot;:1}\">Complet\u00f3 sus esfuerzos en sucesivas etapas con el cari\u00f1o y la emoci\u00f3n del art\u00edfice que levanta su morada y la de sus hijos, rescatando valores del pasado a los que prolong\u00f3 su vigencia a trav\u00e9s del nuevo destino, que fue el de esta casa, primero, su casa de descanso y desde 1931, la que habit\u00f3 con su familia hasta el d\u00eda de su muerte y en la que cumpli\u00f3 la etapa m\u00e1s fecunda de su vida literaria y de orientador de la cultura nacional.<\/p>\n<p style=\"text-align: justify;\">(Texto del libro editado por el Ministerio de Instrucci\u00f3n P\u00fablica y Previsi\u00f3n Social en 1967 \u201cLa conservaci\u00f3n de los monumentos hist\u00f3ricos nacionales\u201d.)<\/p>\n<p style=\"text-align: justify;\">&#8220;Casa Paterna&#8221;<br \/>\n\u00d3leo sobre cart\u00f3n realizado por Juan Carlos Montero Zorrilla en 1943<\/p>\n<p style=\"text-align: justify;\">\n<p style=\"text-align: justify;\">\n<p style=\"text-align: justify;\">\n<p style=\"text-align: justify;\">\n","protected":false},"excerpt":{"rendered":"<p>El Ministro de Instrucci\u00f3n P\u00fablica y Previsi\u00f3n Social, en el discurso pronunciado en el acto que tuvo lugar el 12 de octubre de 1966, expres\u00f3: \u201cCon el asesoramiento de su suegro, el poeta Juan Zorrilla de San Mart\u00edn y del hijo de \u00e9ste el escultor Jos\u00e9 Luis, Montero concibi\u00f3 las plantas y las l\u00edneas de [&hellip;]<\/p>\n","protected":false},"author":2,"featured_media":0,"parent":0,"menu_order":1,"comment_status":"open","ping_status":"open","template":"","meta":{"footnotes":""},"class_list":["post-9","page","type-page","status-publish","hentry"],"jetpack_sharing_enabled":true,"_links":{"self":[{"href":"https:\/\/www.circulobellasartes.org.uy\/site\/wp-json\/wp\/v2\/pages\/9","targetHints":{"allow":["GET"]}}],"collection":[{"href":"https:\/\/www.circulobellasartes.org.uy\/site\/wp-json\/wp\/v2\/pages"}],"about":[{"href":"https:\/\/www.circulobellasartes.org.uy\/site\/wp-json\/wp\/v2\/types\/page"}],"author":[{"embeddable":true,"href":"https:\/\/www.circulobellasartes.org.uy\/site\/wp-json\/wp\/v2\/users\/2"}],"replies":[{"embeddable":true,"href":"https:\/\/www.circulobellasartes.org.uy\/site\/wp-json\/wp\/v2\/comments?post=9"}],"version-history":[{"count":14,"href":"https:\/\/www.circulobellasartes.org.uy\/site\/wp-json\/wp\/v2\/pages\/9\/revisions"}],"predecessor-version":[{"id":291,"href":"https:\/\/www.circulobellasartes.org.uy\/site\/wp-json\/wp\/v2\/pages\/9\/revisions\/291"}],"wp:attachment":[{"href":"https:\/\/www.circulobellasartes.org.uy\/site\/wp-json\/wp\/v2\/media?parent=9"}],"curies":[{"name":"wp","href":"https:\/\/api.w.org\/{rel}","templated":true}]}}

<p><center><a href="http://www.circulobellasartes.org.uy/site/wp-content/uploads/2011/08/oleo-casa.jpg"><img loading="lazy" decoding="async" class=" wp-image-340      aligncenter" title="oleo-casa" src="http://www.circulobellasartes.org.uy/site/wp-content/uploads/2011/08/oleo-casa.jpg" alt="" width="440" height="369" /></a></center></p>
<p style="text-align: justify;" data-ft="{&quot;type&quot;:1}">El Ministro de Instrucción Pública y Previsión Social, en el discurso pronunciado en el acto que tuvo lugar el 12 de octubre de 1966, expresó: “Con el asesoramiento de su suegro, el poeta Juan Zorrilla de San Martín y del hijo de éste el escultor José Luis, Montero concibió las plantas y las líneas de esta casa que comenzó a construir hace medio siglo, a cuya fábrica incorporó ventanas y puertas, rejas y balcones de los edificios coloniales de la ciudad vieja destruidos por la ola devastadora que se llevó para siempre tanta noble expresión de una manera de vivir y de sentir la vida.</p>
<p style="text-align: justify;" data-ft="{&quot;type&quot;:1}">Completó sus esfuerzos en sucesivas etapas con el cariño y la emoción del artífice que levanta su morada y la de sus hijos, rescatando valores del pasado a los que prolongó su vigencia a través del nuevo destino, que fue el de esta casa, primero, su casa de descanso y desde 1931, la que habitó con su familia hasta el día de su muerte y en la que cumplió la etapa más fecunda de su vida literaria y de orientador de la cultura nacional.</p>
<p style="text-align: justify;">(Texto del libro editado por el Ministerio de Instrucción Pública y Previsión Social en 1967 “La conservación de los monumentos históricos nacionales”.)</p>
<p style="text-align: justify;">&#8220;Casa Paterna&#8221;<br />
Óleo sobre cartón realizado por Juan Carlos Montero Zorrilla en 1943</p>
<p style="text-align: justify;">
<p style="text-align: justify;">
<p style="text-align: justify;">
<p style="text-align: justify;">

<p>El Ministro de Instrucción Pública y Previsión Social, en el discurso pronunciado en el acto que tuvo lugar el 12 de octubre de 1966, expresó: “Con el asesoramiento de su suegro, el poeta Juan Zorrilla de San Martín y del hijo de éste el escultor José Luis, Montero concibió las plantas y las líneas de [&hellip;]</p>
