{"id":62,"date":"2012-10-06T14:03:45","date_gmt":"2012-10-06T14:03:45","guid":{"rendered":"http:\/\/www.circulobellasartes.org.uy\/site\/?page_id=62"},"modified":"2012-10-06T14:16:43","modified_gmt":"2012-10-06T14:16:43","slug":"hector-sgarbi","status":"publish","type":"page","link":"https:\/\/www.circulobellasartes.org.uy\/site\/biografias\/hector-sgarbi\/","title":{"rendered":"Hector Sgarbi"},"content":{"rendered":"<p align=\"justify\"><a href=\"\/site\/circulo\/wp-content\/uploads\/2011\/08\/Sgarbi_autorretrato.jpg\"><img loading=\"lazy\" decoding=\"async\" class=\"alignright wp-image-314\" style=\"margin: 0px 5px;\" title=\"Sgarbi_autorretrato\" src=\"\/site\/wp-content\/uploads\/2011\/08\/Sgarbi_autorretrato.jpg\" alt=\"\" width=\"180\" height=\"250\" \/><\/a>Pintor y Escultor nacido en Montevideo el 11 de marzo de 1905. Estudi\u00f3 en el C\u00edrculo de Bellas Artes donde tuvo como maestros a Jos\u00e9 Luis Zorrrilla de San Mart\u00edn, Guillermo Laborde, Vicente Puig y Antonio Pena.<\/p>\n<p align=\"justify\">En usufructo de la \u00faltima beca acordada con el Ministerio de Instrucci\u00f3n P\u00fablica seg\u00fan la ley de 1907 visit\u00f3 los centros art\u00edsticos europeos y se radica en Par\u00eds en el a\u00f1o 1937.<\/p>\n<p align=\"justify\">Estudi\u00f3 en la Escuela de Bellas Artes de Par\u00eds y en la academia de Andr\u00e9 Lhote, La Grande Chaumiere.<\/p>\n<p align=\"justify\">Volvi\u00f3 a Uruguay solo en breves visitas y se radic\u00f3 en Bruselas donde desempe\u00f1aba el cargo de Consejero en la Embajada de Uruguay.<\/p>\n<p align=\"justify\"><a href=\"\/site\/wp-content\/uploads\/2011\/08\/Sgarbi_retratodemujer.jpg\"><img loading=\"lazy\" decoding=\"async\" class=\"alignleft  wp-image-315\" title=\"Sgarbi_retratodemujer\" src=\"\/site\/wp-content\/uploads\/2011\/08\/Sgarbi_retratodemujer.jpg\" alt=\"\" width=\"166\" height=\"232\" \/><\/a>A partir de 1960 se dedica a la escultura.<\/p>\n<p align=\"justify\">En Montevideo antes de su partida a Europa expuso en los Salones de Primavera organizados por el C\u00edrculo de Bellas Artes.<\/p>\n<p align=\"justify\">En 1946 bajo los auspicios de la Comisi\u00f3n Nacional de Bellas Artes realiz\u00f3 una exposici\u00f3n de 200 obras pinturas y dibujos que traslad\u00f3 luego a Buenos Aires.<\/p>\n<p align=\"justify\">En una breve visita a nuestro pa\u00eds en 1968, realiz\u00f3 patrocinada por el Ministerio de Relaciones Exteriores, una muestra retrospectiva de 45 a\u00f1os en el Subte Municipal donde expuso dibujo pintura y escultura.<\/p>\n<p align=\"justify\"><a href=\"\/site\/wp-content\/uploads\/2011\/08\/Sgarbi_atelier.jpg\"><img decoding=\"async\" class=\"alignright  wp-image-316\" title=\"Sgarbi_atelier\" src=\"\/site\/wp-content\/uploads\/2011\/08\/Sgarbi_atelier.jpg\" alt=\"\" \/><\/a>Expuso en el Sal\u00f3n de Oto\u00f1o Par\u00eds 1940 a 1953, en el Sal\u00f3n de los Independientes (1938 a 1950), en Salones Oficiales de Par\u00eds, B\u00e9lgica y en la Bienale Internacionale di Scultura Carrara, Italia 1962, esculturas en bronce.<\/p>\n<p align=\"justify\">En 1974 regres\u00f3 a Uruguay y en 1976 fue nombrado Miembro Honorario de la Comisi\u00f3n del C\u00edrculo de Bellas Artes de Montevideo y desde 1977 dirige clases de Dibujo y Pintura en dicho centro hasta su fallecimiento el 17 de agosto de 1982.<\/p>\n<p align=\"justify\">Gan\u00f3 entre otros premios la Medalla de Plata en el Sal\u00f3n de Artes Pl\u00e1sticas del Centenario de la Rep\u00fablica, Medalla de Plata en Exposici\u00f3n Internacional de Par\u00eds.<\/p>\n<p align=\"justify\">Est\u00e1 representado en los Museos Nacional y Municipal de Bellas A<a href=\"\/site\/wp-content\/uploads\/2011\/08\/Sgarbi_mujerconbandolina.jpg\"><img decoding=\"async\" class=\"alignleft  wp-image-317\" title=\"Sgarbi_mujerconbandolina\" src=\"\/site\/wp-content\/uploads\/2011\/08\/Sgarbi_mujerconbandolina.jpg\" alt=\"\" \/><\/a>rtes de Montevideo, en el Ministerio de Relaciones Exteriores, en la Sala de la Presidencia del Senado de la Rep\u00fablica, en galer\u00edas y colecciones privadas.<\/p>\n<p>&nbsp;<\/p>\n","protected":false},"excerpt":{"rendered":"<p>Pintor y Escultor nacido en Montevideo el 11 de marzo de 1905. Estudi\u00f3 en el C\u00edrculo de Bellas Artes donde tuvo como maestros a Jos\u00e9 Luis Zorrrilla de San Mart\u00edn, Guillermo Laborde, Vicente Puig y Antonio Pena. En usufructo de la \u00faltima beca acordada con el Ministerio de Instrucci\u00f3n P\u00fablica seg\u00fan la ley de 1907 [&hellip;]<\/p>\n","protected":false},"author":2,"featured_media":0,"parent":19,"menu_order":0,"comment_status":"open","ping_status":"open","template":"","meta":{"footnotes":""},"class_list":["post-62","page","type-page","status-publish","hentry"],"jetpack_sharing_enabled":true,"_links":{"self":[{"href":"https:\/\/www.circulobellasartes.org.uy\/site\/wp-json\/wp\/v2\/pages\/62","targetHints":{"allow":["GET"]}}],"collection":[{"href":"https:\/\/www.circulobellasartes.org.uy\/site\/wp-json\/wp\/v2\/pages"}],"about":[{"href":"https:\/\/www.circulobellasartes.org.uy\/site\/wp-json\/wp\/v2\/types\/page"}],"author":[{"embeddable":true,"href":"https:\/\/www.circulobellasartes.org.uy\/site\/wp-json\/wp\/v2\/users\/2"}],"replies":[{"embeddable":true,"href":"https:\/\/www.circulobellasartes.org.uy\/site\/wp-json\/wp\/v2\/comments?post=62"}],"version-history":[{"count":3,"href":"https:\/\/www.circulobellasartes.org.uy\/site\/wp-json\/wp\/v2\/pages\/62\/revisions"}],"predecessor-version":[{"id":72,"href":"https:\/\/www.circulobellasartes.org.uy\/site\/wp-json\/wp\/v2\/pages\/62\/revisions\/72"}],"up":[{"embeddable":true,"href":"https:\/\/www.circulobellasartes.org.uy\/site\/wp-json\/wp\/v2\/pages\/19"}],"wp:attachment":[{"href":"https:\/\/www.circulobellasartes.org.uy\/site\/wp-json\/wp\/v2\/media?parent=62"}],"curies":[{"name":"wp","href":"https:\/\/api.w.org\/{rel}","templated":true}]}}

<p align="justify"><a href="/site/circulo/wp-content/uploads/2011/08/Sgarbi_autorretrato.jpg"><img loading="lazy" decoding="async" class="alignright wp-image-314" style="margin: 0px 5px;" title="Sgarbi_autorretrato" src="/site/wp-content/uploads/2011/08/Sgarbi_autorretrato.jpg" alt="" width="180" height="250" /></a>Pintor y Escultor nacido en Montevideo el 11 de marzo de 1905. Estudió en el Círculo de Bellas Artes donde tuvo como maestros a José Luis Zorrrilla de San Martín, Guillermo Laborde, Vicente Puig y Antonio Pena.</p>
<p align="justify">En usufructo de la última beca acordada con el Ministerio de Instrucción Pública según la ley de 1907 visitó los centros artísticos europeos y se radica en París en el año 1937.</p>
<p align="justify">Estudió en la Escuela de Bellas Artes de París y en la academia de André Lhote, La Grande Chaumiere.</p>
<p align="justify">Volvió a Uruguay solo en breves visitas y se radicó en Bruselas donde desempeñaba el cargo de Consejero en la Embajada de Uruguay.</p>
<p align="justify"><a href="/site/wp-content/uploads/2011/08/Sgarbi_retratodemujer.jpg"><img loading="lazy" decoding="async" class="alignleft  wp-image-315" title="Sgarbi_retratodemujer" src="/site/wp-content/uploads/2011/08/Sgarbi_retratodemujer.jpg" alt="" width="166" height="232" /></a>A partir de 1960 se dedica a la escultura.</p>
<p align="justify">En Montevideo antes de su partida a Europa expuso en los Salones de Primavera organizados por el Círculo de Bellas Artes.</p>
<p align="justify">En 1946 bajo los auspicios de la Comisión Nacional de Bellas Artes realizó una exposición de 200 obras pinturas y dibujos que trasladó luego a Buenos Aires.</p>
<p align="justify">En una breve visita a nuestro país en 1968, realizó patrocinada por el Ministerio de Relaciones Exteriores, una muestra retrospectiva de 45 años en el Subte Municipal donde expuso dibujo pintura y escultura.</p>
<p align="justify"><a href="/site/wp-content/uploads/2011/08/Sgarbi_atelier.jpg"><img decoding="async" class="alignright  wp-image-316" title="Sgarbi_atelier" src="/site/wp-content/uploads/2011/08/Sgarbi_atelier.jpg" alt="" /></a>Expuso en el Salón de Otoño París 1940 a 1953, en el Salón de los Independientes (1938 a 1950), en Salones Oficiales de París, Bélgica y en la Bienale Internacionale di Scultura Carrara, Italia 1962, esculturas en bronce.</p>
<p align="justify">En 1974 regresó a Uruguay y en 1976 fue nombrado Miembro Honorario de la Comisión del Círculo de Bellas Artes de Montevideo y desde 1977 dirige clases de Dibujo y Pintura en dicho centro hasta su fallecimiento el 17 de agosto de 1982.</p>
<p align="justify">Ganó entre otros premios la Medalla de Plata en el Salón de Artes Plásticas del Centenario de la República, Medalla de Plata en Exposición Internacional de París.</p>
<p align="justify">Está representado en los Museos Nacional y Municipal de Bellas A<a href="/site/wp-content/uploads/2011/08/Sgarbi_mujerconbandolina.jpg"><img decoding="async" class="alignleft  wp-image-317" title="Sgarbi_mujerconbandolina" src="/site/wp-content/uploads/2011/08/Sgarbi_mujerconbandolina.jpg" alt="" /></a>rtes de Montevideo, en el Ministerio de Relaciones Exteriores, en la Sala de la Presidencia del Senado de la República, en galerías y colecciones privadas.</p>
<p>&nbsp;</p>

<p>Pintor y Escultor nacido en Montevideo el 11 de marzo de 1905. Estudió en el Círculo de Bellas Artes donde tuvo como maestros a José Luis Zorrrilla de San Martín, Guillermo Laborde, Vicente Puig y Antonio Pena. En usufructo de la última beca acordada con el Ministerio de Instrucción Pública según la ley de 1907 [&hellip;]</p>
